{"id":1296,"date":"2025-05-20T23:56:21","date_gmt":"2025-05-20T23:56:21","guid":{"rendered":"https:\/\/inthrace.unitbv.ro\/?page_id=1296"},"modified":"2026-01-10T18:30:47","modified_gmt":"2026-01-10T16:30:47","slug":"eventos","status":"publish","type":"page","link":"https:\/\/inthrace.unitbv.ro\/index.php\/pt\/eventos\/","title":{"rendered":"EVENTS PT"},"content":{"rendered":"\t\t<div data-elementor-type=\"wp-page\" data-elementor-id=\"1296\" class=\"elementor elementor-1296\" data-elementor-settings=\"{&quot;element_pack_global_tooltip_width&quot;:{&quot;unit&quot;:&quot;px&quot;,&quot;size&quot;:&quot;&quot;,&quot;sizes&quot;:[]},&quot;element_pack_global_tooltip_width_widescreen&quot;:{&quot;unit&quot;:&quot;px&quot;,&quot;size&quot;:&quot;&quot;,&quot;sizes&quot;:[]},&quot;element_pack_global_tooltip_width_laptop&quot;:{&quot;unit&quot;:&quot;px&quot;,&quot;size&quot;:&quot;&quot;,&quot;sizes&quot;:[]},&quot;element_pack_global_tooltip_width_tablet&quot;:{&quot;unit&quot;:&quot;px&quot;,&quot;size&quot;:&quot;&quot;,&quot;sizes&quot;:[]},&quot;element_pack_global_tooltip_width_mobile&quot;:{&quot;unit&quot;:&quot;px&quot;,&quot;size&quot;:&quot;&quot;,&quot;sizes&quot;:[]},&quot;element_pack_global_tooltip_padding&quot;:{&quot;unit&quot;:&quot;px&quot;,&quot;top&quot;:&quot;&quot;,&quot;right&quot;:&quot;&quot;,&quot;bottom&quot;:&quot;&quot;,&quot;left&quot;:&quot;&quot;,&quot;isLinked&quot;:true},&quot;element_pack_global_tooltip_padding_widescreen&quot;:{&quot;unit&quot;:&quot;px&quot;,&quot;top&quot;:&quot;&quot;,&quot;right&quot;:&quot;&quot;,&quot;bottom&quot;:&quot;&quot;,&quot;left&quot;:&quot;&quot;,&quot;isLinked&quot;:true},&quot;element_pack_global_tooltip_padding_laptop&quot;:{&quot;unit&quot;:&quot;px&quot;,&quot;top&quot;:&quot;&quot;,&quot;right&quot;:&quot;&quot;,&quot;bottom&quot;:&quot;&quot;,&quot;left&quot;:&quot;&quot;,&quot;isLinked&quot;:true},&quot;element_pack_global_tooltip_padding_tablet&quot;:{&quot;unit&quot;:&quot;px&quot;,&quot;top&quot;:&quot;&quot;,&quot;right&quot;:&quot;&quot;,&quot;bottom&quot;:&quot;&quot;,&quot;left&quot;:&quot;&quot;,&quot;isLinked&quot;:true},&quot;element_pack_global_tooltip_padding_mobile&quot;:{&quot;unit&quot;:&quot;px&quot;,&quot;top&quot;:&quot;&quot;,&quot;right&quot;:&quot;&quot;,&quot;bottom&quot;:&quot;&quot;,&quot;left&quot;:&quot;&quot;,&quot;isLinked&quot;:true},&quot;element_pack_global_tooltip_border_radius&quot;:{&quot;unit&quot;:&quot;px&quot;,&quot;top&quot;:&quot;&quot;,&quot;right&quot;:&quot;&quot;,&quot;bottom&quot;:&quot;&quot;,&quot;left&quot;:&quot;&quot;,&quot;isLinked&quot;:true},&quot;element_pack_global_tooltip_border_radius_widescreen&quot;:{&quot;unit&quot;:&quot;px&quot;,&quot;top&quot;:&quot;&quot;,&quot;right&quot;:&quot;&quot;,&quot;bottom&quot;:&quot;&quot;,&quot;left&quot;:&quot;&quot;,&quot;isLinked&quot;:true},&quot;element_pack_global_tooltip_border_radius_laptop&quot;:{&quot;unit&quot;:&quot;px&quot;,&quot;top&quot;:&quot;&quot;,&quot;right&quot;:&quot;&quot;,&quot;bottom&quot;:&quot;&quot;,&quot;left&quot;:&quot;&quot;,&quot;isLinked&quot;:true},&quot;element_pack_global_tooltip_border_radius_tablet&quot;:{&quot;unit&quot;:&quot;px&quot;,&quot;top&quot;:&quot;&quot;,&quot;right&quot;:&quot;&quot;,&quot;bottom&quot;:&quot;&quot;,&quot;left&quot;:&quot;&quot;,&quot;isLinked&quot;:true},&quot;element_pack_global_tooltip_border_radius_mobile&quot;:{&quot;unit&quot;:&quot;px&quot;,&quot;top&quot;:&quot;&quot;,&quot;right&quot;:&quot;&quot;,&quot;bottom&quot;:&quot;&quot;,&quot;left&quot;:&quot;&quot;,&quot;isLinked&quot;:true}}\" data-elementor-post-type=\"page\">\n\t\t\t\t<div class=\"elementor-element elementor-element-b0f2be1 e-flex e-con-boxed e-con e-parent\" data-id=\"b0f2be1\" data-element_type=\"container\" data-e-type=\"container\">\n\t\t\t\t\t<div class=\"e-con-inner\">\n\t\t\t\t<div class=\"elementor-element elementor-element-2faf782 elementor-widget elementor-widget-html\" data-id=\"2faf782\" data-element_type=\"widget\" data-e-type=\"widget\" data-widget_type=\"html.default\">\n\t\t\t\t<div class=\"elementor-widget-container\">\n\t\t\t\t\t<style>\n  .event-section {\n    background: rgba(255, 255, 255, 0.65);\n    backdrop-filter: blur(12px);\n    -webkit-backdrop-filter: blur(12px);\n    padding: 40px;\n    margin-bottom: 40px;\n    border-radius: 16px;\n    box-shadow: 0 4px 30px rgba(0, 0, 0, 0.1);\n    max-width: 1000px;\n    margin-left: auto;\n    margin-right: auto;\n  }\n  .event-section h3 {\n    color: #003366;\n    margin-bottom: 10px;\n  }\n  .event-section p {\n    font-size: 16px;\n    color: #333;\n  }\n  .event-gallery {\n    display: flex;\n    gap: 16px;\n    flex-wrap: wrap;\n    margin-top: 20px;\n  }\n  .event-gallery img {\n    width: 100%;\n    max-width: 500px;\n    border-radius: 12px;\n    box-shadow: 0 2px 10px rgba(0, 0, 0, 0.1);\n  }\n<\/style>\n\n<h2 style=\"text-align:center; color:#003366;\">\ud83d\udcc5 Eventos<\/h2>\n\n<div class=\"event-section\">\n  <h3>\ud83d\udccc Reuni\u00e3o de Abertura<\/h3>\n  <p>Online | 7 de fevereiro de 2024<\/p>\n  <div class=\"event-gallery\">\n    <img decoding=\"async\" src=\"https:\/\/inthrace.unitbv.ro\/wp-content\/uploads\/2025\/05\/kick-off-1.png\" alt=\"Kickoff 1\">\n    <img decoding=\"async\" src=\"https:\/\/inthrace.unitbv.ro\/wp-content\/uploads\/2025\/05\/Kick-off-2_.png\" alt=\"Kickoff 2\">\n    <img decoding=\"async\" src=\"https:\/\/inthrace.unitbv.ro\/wp-content\/uploads\/2025\/05\/kickoff3.png\" alt=\"Kickoff 3\">\n  <\/div>\n<\/div>\n\n<div class=\"event-section\">\n  <h3>\ud83e\udd1d Primeira Reuni\u00e3o Transnacional de Parceiros<\/h3>\n  <p>Zagreb, Cro\u00e1cia | 13\u201314 de maio de 2024<\/p>\n  <div class=\"event-gallery\">\n    <img decoding=\"async\" src=\"https:\/\/inthrace.unitbv.ro\/wp-content\/uploads\/2025\/05\/zagreb2.png\" alt=\"Zagreb 1\">\n    <img decoding=\"async\" src=\"https:\/\/inthrace.unitbv.ro\/wp-content\/uploads\/2025\/05\/zagreb3.png\" alt=\"Zagreb 2\">\n    <img decoding=\"async\" src=\"https:\/\/inthrace.unitbv.ro\/wp-content\/uploads\/2025\/05\/Zagreb1.png\" alt=\"Zagreb 3\">\n  <\/div>\n<\/div>\n\n<div class=\"event-section\">\n  <h3>\ud83e\udd1d Segunda Reuni\u00e3o Transnacional de Parceiros<\/h3>\n  <p>S\u00f3fia, Bulg\u00e1ria | 3\u20134 de setembro de 2024<\/p>\n  <div class=\"event-gallery\">\n    <img decoding=\"async\" src=\"https:\/\/inthrace.unitbv.ro\/wp-content\/uploads\/2025\/05\/sofia1.png\" alt=\"S\u00f3fia 1\">\n  <\/div>\n<\/div>\n\n<div class=\"event-section\">\n  <h3>\ud83c\udfa4 Apresenta\u00e7\u00e3o do projeto na confer\u00eancia ICSIMAT 2024<\/h3>\n  <p>Bra\u0219ov, Rom\u00e9nia | 24\u201330 de outubro de 2024<\/p>\n  <div class=\"event-gallery\">\n    <img decoding=\"async\" src=\"https:\/\/inthrace.unitbv.ro\/wp-content\/uploads\/2025\/05\/icsimat1.png\" alt=\"ICSIMAT 1\">\n    <img decoding=\"async\" src=\"https:\/\/inthrace.unitbv.ro\/wp-content\/uploads\/2025\/05\/icsimat4.png\" alt=\"ICSIMAT 2\">\n    <img decoding=\"async\" src=\"https:\/\/inthrace.unitbv.ro\/wp-content\/uploads\/2025\/05\/icsimat2.png\" alt=\"ICSIMAT 3\">\n    <img decoding=\"async\" src=\"https:\/\/inthrace.unitbv.ro\/wp-content\/uploads\/2025\/05\/icsimat-3.png\" alt=\"ICSIMAT 4\">\n  <\/div>\n<\/div>\n\n<div class=\"event-section\">\n  <h3>\ud83d\udcda Apresenta\u00e7\u00e3o do projeto no Col\u00f3quio Internacional ACUM 2024<\/h3>\n  <p>Bra\u0219ov, Rom\u00e9nia | 25\u201326 de novembro de 2024<\/p>\n  <div class=\"event-gallery\">\n    <img decoding=\"async\" src=\"https:\/\/inthrace.unitbv.ro\/wp-content\/uploads\/2025\/05\/acum1.png\" alt=\"ACUM 1\">\n    <img decoding=\"async\" src=\"https:\/\/inthrace.unitbv.ro\/wp-content\/uploads\/2025\/05\/acum2.png\" alt=\"ACUM 2\">\n    <img decoding=\"async\" src=\"https:\/\/inthrace.unitbv.ro\/wp-content\/uploads\/2025\/05\/acum3.png\" alt=\"ACUM 3\">\n  <\/div>\n<\/div>\n\n<div class=\"event-section\">\n  <h3>\ud83e\udd1d Terceira Reuni\u00e3o Transnacional de Parceiros<\/h3>\n  <p>Ponta Delgada, A\u00e7ores, Portugal | 3\u20134 de mar\u00e7o de 2025<\/p>\n  <div class=\"event-gallery\">\n    <img decoding=\"async\" src=\"https:\/\/inthrace.unitbv.ro\/wp-content\/uploads\/2025\/05\/azores1.png\" alt=\"A\u00e7ores 1\">\n    <img decoding=\"async\" src=\"https:\/\/inthrace.unitbv.ro\/wp-content\/uploads\/2025\/05\/azores4.png\" alt=\"A\u00e7ores 2\">\n    <img decoding=\"async\" src=\"https:\/\/inthrace.unitbv.ro\/wp-content\/uploads\/2025\/05\/azores3.png\" alt=\"A\u00e7ores 3\">\n  <\/div>\n<\/div>\n\n<div class=\"event-section\"> <h3>\ud83e\udd1d Reuni\u00e3o Transnacional de Parceiros 4<\/h3> <p>Atenas, Gr\u00e9cia | 19\u201321 de dezembro de 2025<\/p> <div class=\"event-gallery\"> <img decoding=\"async\" src=\"https:\/\/inthrace.unitbv.ro\/wp-content\/uploads\/2026\/01\/athens1.jpg\" alt=\"athens1\"> <img decoding=\"async\" src=\"https:\/\/inthrace.unitbv.ro\/wp-content\/uploads\/2026\/01\/athens2.jpg\" alt=\"athens2\"> <img decoding=\"async\" src=\"https:\/\/inthrace.unitbv.ro\/wp-content\/uploads\/2026\/01\/athens3.jpg\" alt=\"athens3\"> <\/div> <\/div>\"\n\t\t\t\t<\/div>\n\t\t\t\t<\/div>\n\t\t\t\t\t<\/div>\n\t\t\t\t<\/div>\n\t\t\t\t<\/div>\n\t\t","protected":false},"excerpt":{"rendered":"<p>\ud83d\udcc5 Eventos \ud83d\udccc Reuni\u00e3o de Abertura Online | 7 de fevereiro de 2024 \ud83e\udd1d Primeira Reuni\u00e3o Transnacional de Parceiros Zagreb, Cro\u00e1cia | 13\u201314 de maio de 2024 \ud83e\udd1d Segunda Reuni\u00e3o Transnacional de Parceiros S\u00f3fia, Bulg\u00e1ria | 3\u20134 de setembro de 2024 \ud83c\udfa4 Apresenta\u00e7\u00e3o do projeto na confer\u00eancia ICSIMAT 2024 Bra\u0219ov, Rom\u00e9nia | 24\u201330 de outubro de 2024 \ud83d\udcda Apresenta\u00e7\u00e3o do projeto no Col\u00f3quio Internacional ACUM 2024 Bra\u0219ov, Rom\u00e9nia | 25\u201326 de novembro de 2024 \ud83e\udd1d Terceira Reuni\u00e3o Transnacional de Parceiros Ponta Delgada, A\u00e7ores, Portugal | 3\u20134 de mar\u00e7o de 2025 \ud83e\udd1d Reuni\u00e3o Transnacional de Parceiros 4 Atenas, Gr\u00e9cia | 19\u201321 de dezembro de 2025 &#8220;<\/p>\n","protected":false},"author":1,"featured_media":0,"parent":0,"menu_order":0,"comment_status":"closed","ping_status":"closed","template":"","meta":{"footnotes":""},"folder":[],"class_list":["post-1296","page","type-page","status-publish","hentry"],"_links":{"self":[{"href":"https:\/\/inthrace.unitbv.ro\/index.php\/wp-json\/wp\/v2\/pages\/1296","targetHints":{"allow":["GET"]}}],"collection":[{"href":"https:\/\/inthrace.unitbv.ro\/index.php\/wp-json\/wp\/v2\/pages"}],"about":[{"href":"https:\/\/inthrace.unitbv.ro\/index.php\/wp-json\/wp\/v2\/types\/page"}],"author":[{"embeddable":true,"href":"https:\/\/inthrace.unitbv.ro\/index.php\/wp-json\/wp\/v2\/users\/1"}],"replies":[{"embeddable":true,"href":"https:\/\/inthrace.unitbv.ro\/index.php\/wp-json\/wp\/v2\/comments?post=1296"}],"version-history":[{"count":16,"href":"https:\/\/inthrace.unitbv.ro\/index.php\/wp-json\/wp\/v2\/pages\/1296\/revisions"}],"predecessor-version":[{"id":2299,"href":"https:\/\/inthrace.unitbv.ro\/index.php\/wp-json\/wp\/v2\/pages\/1296\/revisions\/2299"}],"wp:attachment":[{"href":"https:\/\/inthrace.unitbv.ro\/index.php\/wp-json\/wp\/v2\/media?parent=1296"}],"wp:term":[{"taxonomy":"folder","embeddable":true,"href":"https:\/\/inthrace.unitbv.ro\/index.php\/wp-json\/wp\/v2\/folder?post=1296"}],"curies":[{"name":"wp","href":"https:\/\/api.w.org\/{rel}","templated":true}]}}